8125 is divided by 22.
13
Calculate the remainder when 45568 is divided by 15179.
31
Calculate the remainder when 107146 is divided by 107072.
74
What is the remainder when 1592543371 is divided by 5321?
5318
What is the remainder when 7144353 is divided by 4016?
3905
Calculate the remainder when 2714271 is divided by 235.
21
What is the remainder when 31097 is divided by 1156?
1041
Calculate the remainder when 13441 is divided by 4703.
4035
Calculate the remainder when 774339 is divided by 57.
51
What is the remainder when 2352879 is divided by 14?
11
What is the remainder when 17529 is divided by 1767?
1626
Calculate the remainder when 99250 is divided by 15.
10
What is the remainder when 66304617 is divided by 6781?
6780
What is the remainder when 10792 is divided by 486?
100
What is the remainder when 886641 is divided by 221660?
1
What is the remainder when 2969898 is divided by 28016?
202
Calculate the remainder when 130944 is divided by 469.
93
Calculate the remainder when 79553 is divided by 600.
353
Calculate the remainder when 44508 is divided by 1032.
132
What is the remainder when 5596493 is divided by 58?
15
Calculate the remainder when 2911851 is divided by 1088.
363
Calculate the remainder when 1075625 is divided by 512.
425
Calculate the remainder when 384154 is divided by 205.
189
Calculate the remainder when 1540227 is divided by 59225.
377
Calculate the remainder when 3794221 is divided by 1965.
1771
Calculate the remainder when 616478 is divided by 616222.
256
What is the remainder when 9490 is divided by 1984?
1554
What is the remainder when 291197 is divided by 189?
137
Calculate the remainder when 554314 is divided by 2475.
2389
Calculate the remainder when 192810 is divided by 32133.
12
What is the remainder when 90747 is divided by 9405?
6102
What is the remainder when 2510321 is divided by 75?
71
What is the remainder when 22131604 is divided by 1190?
1174
Calculate the remainder when 39023 is divided by 12234.
2321
What is the remainder when 88851 is divided by 997?
118
Calculate the remainder when 24046388 is divided by 967.
966
What is the remainder when 1069212 is divided by 382?
376
Calculate the remainder when 216487 is divided by 216321.
166
What is the remainder when 627505 is divided by 44813?
123
Calculate the remainder when 43141329 is divided by 7190215.
39
Calculate the remainder when 1080515 is divided by 885.
815
Calculate the remainder when 1501137 is divided by 53612.
1
What is the remainder when 2647553 is divided by 3703?
3611
What is the remainder when 85467 is divided by 85462?
5
What is the remainder when 3665428 is divided by 63?
25
Calculate the remainder when 179046 is divided by 7598.
4292
What is the remainder when 229187810 is divided by 2794973?
24
Calculate the remainder when 1691508 is divided by 164.
12
What is the remainder when 761218 is divided by 491?
168
What is the remainder when 50919 is divided by 10116?
339
What is the remainder when 6082262 is divided by 25772?
70
What is the remainder when 1009651 is divided by 4696?
11
Calculate the remainder when 54534443 is divided by 26904.
35
What is the remainder when 6961896 is divided by 580134?
288
Calculate the remainder when 599971 is divided by 641.
636
Calculate the remainder when 143619 is divided by 6231.
306
What is the remainder when 904533788 is divided by 1510?
1508
What is the remainder when 2342492 is divided by 1171226?
40
Calculate the remainder when 510290 is divided by 18184.
1138
What is the remainder when 1276922 is divided by 5650?
22
What is the remainder when 2112102 is divided by 210?
132
What is the remainder when 173394 is divided by 171233?
2161
What is the remainder when 3005512 is divided by 1001812?
76
Calculate the remainder when 6604 is divided by 590.
114
Calculate the remainder when 467728 is divided by 1596.
100
Calculate the remainder when 740901 is divided by 201.
15
What is the remainder when 102429 is divided by 277?
216
Calculate the remainder when 42129 is divided by 13936.
321
What is the remainder when 7847336 is divided by 113?
51
What is the remainder when 96536 is divided by 90900?
5636
What is the remainder when 106809288 is divided by 1247?
1244
Calculate the remainder when 1942571 is divided by 48564.
11
Calculate the remainder when 2825547 is divided by 201823.
25
What is the remainder when 4561901 is divided by 193?
153
Calculate the remainder when 23112 is divided by 1282.
36
Calculate the remainder when 245252 is divided by 17514.
56
Calculate the remainder when 283807 is divided by 70913.
155
What is the remainder when 2350160 is divided by 783273?
341
Calculate the remainder when 63081 is divided by 3905.
601
Calculate the remainder when 87833800 is divided by 12860.
0
What is the remainder when 16106818 is divided by 531?
526
Calculate the remainder when 24420474 is divided by 595621.
13
Calculate the remainder when 79843527 is divided by 94.
21
Calculate the remainder when 1515263 is divided by 50.
13
What is the remainder when 59021127 is divided by 1004?
987
What is the remainder when 24255836 is divided by 58?
4
What is the remainder when 3167027 is divided by 5686?
5611
Calculate the remainder when 50302 is divided by 827.
682
Calculate the remainder when 30062638 is divided by 52.
34
What is the remainder when 8108501 is divided by 104?
37
Calculate the remainder when 9983380 is divided by 34.
28
Calculate the remainder when 2321240 is divided by 136543.
9
Calculate the remainder when 1497001 is divided by 74.
55
What is the remainder when 552277 is divided by 43?
28
What is the remainder when 4296651 is divided by 2047?
2045
What is the remainder when 192174 is divided by 38333?
509
What is the remainder when 13711943 is divided by 2285323?
5
What is the remainder when 18301 is divided by 8661?
979
Calculate the remainder when 38602 is divided by 5512.
18
What is the remainder when 16570 is divided by 247?
21
Calculate the remainder when 87116 is divided by 41650.
3816
What is the remainder when 130950348 is divided by 81?
78
What is the remainder when 8693824 is divided by 457569?
13
Calculate the remainder when 42999326 is divided by 524382.
2
What is the remainder when 366337 is divided by 866?
19
Calculate the remainder when 192148379 is divided by 180.
179
Calculate the remainder when 1654955 is divided by 383.
12
Calculate the remainder when 9926716 is divided by 1176.
100
Calculate the remainder when 14027939 is divided by 180.
179
Calculate the remainder when 709652 is divided by 1296.
740
What is the remainder when 3071686 is divided by 247?
241
Calculate the remainder when 4040800 is divided by 6955.
6900
What is the remainder when 13066058 is divided by 20?
18
What is the remainder when 164769 is divided by 54904?
57
Calculate the remainder when 381037 is divided by 190518.
1
Calculate the remainder when 111409 is divided by 3111.
2524
Calculate the remainder when 4074491 is divided by 4716.
4583
What is the remainder when 5324481 is divided by 212979?
6
What is the remainder when 18071856 is divided by 69?
66
What is the remainder when 38611011 is divided by 7722202?
1
Calculate the remainder when 6417790 is divided by 47.
34
Calculate the remainder when 408021 is divided by 9273.
9
What is the remainder when 14885895 is divided by 1488589?
5
Calculate the remainder when 3822847 is divided by 1911364.
119
Calculate the remainder when 6465221 is divided by 42.
35
What is the remainder when 335909049 is divided by 68?
65
What is the remainder when 10494925 is divided by 172?
1
What is the remainder when 31799 is divided by 9723?
2630
Calculate the remainder when 776735 is divided by 25887.
125
Calculate the remainder when 20626160 is divided by 5301.
5270
Calculate the remainder when 2181934 is divided by 9873.
1
Calculate the remainder when 1107939 is divided by 138478.
115
What is the remainder when 202994 is divided by 20266?
334
What is the remainder when 232530 is divided by 4558?
72
Calculate the remainder when 135498564 is divided by 4839234.
12
What is the remainder when 35342 is divided by 145?
107
What is the remainder when 90311 is divided by 11225?
511
What is the remainder when 13613623 is divided by 3769?
3764
What is the remainder when 1541446 